{"id":9433,"date":"2025-04-23T12:41:34","date_gmt":"2025-04-23T10:41:34","guid":{"rendered":"http:\/\/s710205766.online.de\/ssv-wordpress\/?page_id=9433"},"modified":"2026-05-11T15:32:05","modified_gmt":"2026-05-11T13:32:05","slug":"startseite","status":"publish","type":"page","link":"http:\/\/s710205766.online.de\/ssv-wordpress\/","title":{"rendered":"Startseite"},"content":{"rendered":"<h6><\/h6>\n<h6><\/h6>\n<h6><\/h6>\n<h3><\/h3>\n<p>&nbsp;<\/p>\n<h3><span style=\"color: #339966;\"><strong>Lust am schie\u00dfen?<\/strong><\/span><\/h3>\n<h4><strong><em><span style=\"color: #800080;\">Wir suchen Dich.<\/span>\u00a0<\/em><\/strong><\/h4>\n<h6><em><span style=\"color: #800080;\"><strong><span style=\"color: #800080;\">pistolen &amp; <\/span><span style=\"color: #3366ff;\">gewehr <span style=\"color: #ff6600;\">sch\u00fctzen<\/span><\/span><span style=\"color: #ff99cc;\"><span style=\"color: #ff6600;\"><span style=\"color: #000000;\"> m<\/span>\/<span style=\"color: #ff00ff;\">w<\/span><\/span> <\/span><\/strong><\/span><\/em><\/h6>\n<h5><em><span style=\"color: #800080;\">die uns in der Kreisoberliga \/ Landesliga \/ Verbandsliga unterst\u00fctzen m\u00f6chten.\u00a0 Interessiert ? dann melde dich bitte Mittwochs oder Freitags ab 18.30 UHR im Sch\u00fctzenhaus oder beim Schie\u00dfleiter.<\/span><\/em><\/h5>\n<h5><span style=\"color: #3366ff;\"><em> Wir freuen uns auf Euch<\/em><\/span><\/h5>\n<p>&nbsp;<\/p>\n<h1><\/h1>\n<h1><a href=\"http:\/\/s710205766.online.de\/ssv-wordpress\/wp-content\/uploads\/Vereinswappen.png\"><img loading=\"lazy\" decoding=\"async\" class=\"aligncenter size-medium wp-image-9453\" src=\"http:\/\/s710205766.online.de\/ssv-wordpress\/wp-content\/uploads\/Vereinswappen-237x300.png\" alt=\"\" width=\"237\" height=\"300\" srcset=\"http:\/\/s710205766.online.de\/ssv-wordpress\/wp-content\/uploads\/Vereinswappen-237x300.png 237w, http:\/\/s710205766.online.de\/ssv-wordpress\/wp-content\/uploads\/Vereinswappen-809x1024.png 809w, http:\/\/s710205766.online.de\/ssv-wordpress\/wp-content\/uploads\/Vereinswappen-768x973.png 768w, http:\/\/s710205766.online.de\/ssv-wordpress\/wp-content\/uploads\/Vereinswappen.png 901w\" sizes=\"(max-width: 237px) 100vw, 237px\" \/><\/a><span style=\"color: #008000;\"><strong> \u00a0\u00a0 Sch\u00fctzensportverein 1487 Eberbach e.V.<\/strong><\/span><\/h1>\n<h5 style=\"text-align: center;\"><strong><span style=\"color: #008000;\">Sch\u00fctzenkreis 4 Neckartal<\/span><\/strong><\/h5>\n<h4 style=\"text-align: center;\"><\/h4>\n<h4 style=\"text-align: center;\"><strong><span style=\"color: #008000;\">Wir freuen uns, sie auf der Startseite des Sch\u00fctzensportvereins 1487 Eberbach, begr\u00fc\u00dfen zu d\u00fcrfen.<\/span><\/strong><\/h4>\n<h4><\/h4>\n<h4 style=\"text-align: center;\"><strong><span style=\"color: #008000;\">Unsere Mannschaften nehmen regelm\u00e4\u00dfig, erfolgreich an Wettk\u00e4mpfen, Turnieren und Meisterschaften\u00a0<span style=\"color: #008000;\"><span style=\"caret-color: #008000;\">bei.<\/span><\/span><\/span><\/strong><\/h4>\n<h4><\/h4>\n<h4 style=\"text-align: center;\"><span style=\"color: #008000;\"><strong>In unserem gem\u00fctlichen Vereinsheim findet in lockerer Atmosph\u00e4re der Austausch zwischen den Mitgliedern statt.<\/strong><\/span><\/h4>\n<h4><\/h4>\n<h4 style=\"text-align: center;\"><span style=\"color: #008000;\"><strong>Wir m\u00f6chten sie auf dieser Homepage \u00fcber unseren Verein informieren und ihnen einen Einblick in das Vereinsleben geben.<\/strong><\/span><\/h4>\n<h4><\/h4>\n<h4 style=\"text-align: center;\"><span style=\"color: #008000;\"><strong>Doch die beste M\u00f6glichkeit, unseren Verein n\u00e4her kennen zu lernen, ist immer noch ein Besuch bei uns.<\/strong><\/span><\/h4>\n<h4><\/h4>\n<h4 style=\"text-align: center;\"><span style=\"color: #008000;\"><strong>Wir freuen uns \u00fcber jeden interessierten Besucher.<\/strong><\/span><\/h4>\n<p><a href=\"http:\/\/s710205766.online.de\/ssv-wordpress\/wp-content\/uploads\/Volksbank-HDN_Foerderlogo_4c.webp\"><br \/>\n<img loading=\"lazy\" decoding=\"async\" class=\"size-medium wp-image-9569 aligncenter\" src=\"http:\/\/s710205766.online.de\/ssv-wordpress\/wp-content\/uploads\/Volksbank-HDN_Foerderlogo_4c-300x68.webp\" alt=\"\" width=\"300\" height=\"68\" srcset=\"http:\/\/s710205766.online.de\/ssv-wordpress\/wp-content\/uploads\/Volksbank-HDN_Foerderlogo_4c-300x68.webp 300w, http:\/\/s710205766.online.de\/ssv-wordpress\/wp-content\/uploads\/Volksbank-HDN_Foerderlogo_4c-1024x231.webp 1024w, http:\/\/s710205766.online.de\/ssv-wordpress\/wp-content\/uploads\/Volksbank-HDN_Foerderlogo_4c-768x173.webp 768w, http:\/\/s710205766.online.de\/ssv-wordpress\/wp-content\/uploads\/Volksbank-HDN_Foerderlogo_4c.webp 1280w\" sizes=\"(max-width: 300px) 100vw, 300px\" \/><\/a><\/p>\n","protected":false},"excerpt":{"rendered":"<p>&nbsp; Lust am schie\u00dfen? Wir suchen Dich.\u00a0 pistolen &amp; gewehr sch\u00fctzen m\/w die uns in der Kreisoberliga \/ Landesliga \/ Verbandsliga unterst\u00fctzen m\u00f6chten.\u00a0 Interessiert ? dann melde dich bitte Mittwochs oder Freitags ab 18.30 UHR im Sch\u00fctzenhaus oder beim Schie\u00dfleiter.&hellip; <\/p>\n","protected":false},"author":1,"featured_media":9436,"parent":0,"menu_order":0,"comment_status":"closed","ping_status":"closed","template":"","meta":{"footnotes":""},"_links":{"self":[{"href":"http:\/\/s710205766.online.de\/ssv-wordpress\/index.php?rest_route=\/wp\/v2\/pages\/9433"}],"collection":[{"href":"http:\/\/s710205766.online.de\/ssv-wordpress\/index.php?rest_route=\/wp\/v2\/pages"}],"about":[{"href":"http:\/\/s710205766.online.de\/ssv-wordpress\/index.php?rest_route=\/wp\/v2\/types\/page"}],"author":[{"embeddable":true,"href":"http:\/\/s710205766.online.de\/ssv-wordpress\/index.php?rest_route=\/wp\/v2\/users\/1"}],"replies":[{"embeddable":true,"href":"http:\/\/s710205766.online.de\/ssv-wordpress\/index.php?rest_route=%2Fwp%2Fv2%2Fcomments&post=9433"}],"version-history":[{"count":54,"href":"http:\/\/s710205766.online.de\/ssv-wordpress\/index.php?rest_route=\/wp\/v2\/pages\/9433\/revisions"}],"predecessor-version":[{"id":10047,"href":"http:\/\/s710205766.online.de\/ssv-wordpress\/index.php?rest_route=\/wp\/v2\/pages\/9433\/revisions\/10047"}],"wp:featuredmedia":[{"embeddable":true,"href":"http:\/\/s710205766.online.de\/ssv-wordpress\/index.php?rest_route=\/wp\/v2\/media\/9436"}],"wp:attachment":[{"href":"http:\/\/s710205766.online.de\/ssv-wordpress\/index.php?rest_route=%2Fwp%2Fv2%2Fmedia&parent=9433"}],"curies":[{"name":"wp","href":"https:\/\/api.w.org\/{rel}","templated":true}]}}